0
Let i(l) = -l**3 - 5*l**2 + 10*l - 6. Calculate i(4).
-110
Let v(s) = -s**3 + 4*s**2 + 8*s + 21. What is v(8)?
-171
Let o(t) = -t + 327. Determine o(-14).
341
Let n(i) = -3*i**3 + 100*i**2 - 32*i - 44. Calculate n(33).
-11
Let g(v) = v**3 + 5*v**2 + 15*v + 22. Determine g(-2).
4
Let f(y) = 11*y + 609. What is f(-61)?
-62
Let x(f) = -82*f + 831. Calculate x(10).
11
Let h(r) = -5*r**3 + 248*r**2 + 783*r - 10. Give h(-3).
8
Let y(q) = q**3 - 17*q**2 + 95*q - 203. Calculate y(9).
4
Let v(k) = k**2 + 21*k - 15. Calculate v(-15).
-105
Let x(p) = 186*p + 1101. Determine x(-6).
-15
Let g(n) = -n**3 - 30*n**2 + 13*n + 386. Calculate g(-30).
-4
Let d(l) = -37*l**2 - 199*l + 932. Determine d(3).
2
Let d(c) = 264*c - 444. Determine d(3).
348
Let d(c) = c**2 - 713*c + 25127. Determine d(37).
115
Let f(q) = q**3 - q**2 - 110*q + 3. Give f(11).
3
Let i(b) = -b**3 + 9*b**2 + 30*b - 135. Determine i(3).
9
Let s(d) = -6*d**2 - 192*d - 527. What is s(-29)?
-5
Let r(g) = 188*g + 903. Give r(-7).
-413
Let z(h) = -70*h**2 + 6*h - 24. Give z(1).
-88
Let j(c) = -c**3 + 6*c**2 + 36*c - 28. Give j(11).
-237
Let g(b) = 5*b**2 - 2498*b + 4994. Determine g(2).
18
Let s(d) = d**2 + 784*d - 102387. What is s(114)?
-15
Let s(x) = 427*x + 2142. Give s(-5).
7
Let c(x) = -x**3 - 137*x**2 + 80*x - 8003. Give c(-138).
1
Let i(t) = t**3 + 3*t**2 + 5*t + 71. Give i(-5).
-4
Let u(f) = -2*f**3 + 33*f**2 - 104*f - 62. Calculate u(12).
-14
Let b(h) = -31*h - 151. Calculate b(-6).
35
Let d(c) = -31*c**2 + 178*c + 20. What is d(6)?
-28
Let t(z) = -167*z - 2368. Give t(-13).
-197
Let y(v) = -6*v**2 + 50*v - 412. Determine y(11).
-588
Let d(r) = -r**2 - 19*r + 43. Determine d(-10).
133
Let s(y) = -62*y + 697. Determine s(13).
-109
Let j(f) = 55*f - 712. Calculate j(16).
168
Let t(b) = 8*b**2 - 93*b - 5. Give t(4).
-249
Let a(r) = -r**2 - 138*r + 6694. What is a(38)?
6
Let i(f) = -3*f**3 + 61*f**2 - 13*f - 132. Give i(20).
8
Let q(f) = 1838*f + 2. What is q(0)?
2
Let w(s) = -s**2 - 28*s + 685. Give w(-44).
-19
Let d(f) = -f**3 - 2*f**2 - 8*f - 58. Determine d(-7).
243
Let m(q) = 57*q**2 + 1. What is m(1)?
58
Let i(r) = -1073*r - 7498. Calculate i(-7).
13
Let f(j) = -1745*j + 78533. Calculate f(45).
8
Let l(r) = -26*r + 341. What is l(14)?
-23
Let b(q) = q**2 + 61*q - 1127. Determine b(-68).
-651
Let c(g) = -1921*g + 151753. Give c(79).
-6
Let f(t) = -2*t**3 - 3*t**2 + 116*t + 337. Calculate f(-3).
16
Let u(m) = 42*m + 274. Give u(-9).
-104
Let x(y) = 263*y + 19197. Give x(-73).
-2
Let g(r) = r**2 + 204*r - 10909. What is g(44)?
3
Let c(p) = -p**3 - 21*p**2 + 12*p + 372. What is c(-20)?
-268
Let r(v) = 2*v**2 + 14*v - 2. Determine r(2).
34
Let z(a) = -3*a**3 + 14*a**2 - 36*a + 73. Give z(4).
-39
Let u(s) = s**3 + 73*s**2 - 149*s + 74. Give u(-75).
-1
Let c(s) = -10*s - 185. Give c(-21).
25
Let w(b) = b**2 + 81*b + 979. Give w(-66).
-11
Let m(f) = -f**3 - 150*f**2 + 219*f + 10293. What is m(-151)?
25
Let k(j) = j**3 + 3*j**2 - 15*j - 41. Calculate k(-4).
3
Let v(x) = 38*x - 6. What is v(-5)?
-196
Let g(t) = -48*t - 193. Give g(-4).
-1
Let m(z) = -4*z**3 + 4*z**2 + 61*z - 235. Determine m(4).
-183
Let n(r) = -6505*r + 13020. Determine n(2).
10
Let z(a) = -30*a - 1725. Give z(-58).
15
Let m(q) = -10*q**2 + 149*q + 300. Determine m(-2).
-38
Let z(s) = s**3 - 29*s**2 + 173*s - 422. Calculate z(22).
-4
Let o(p) = p**3 + 41*p**2 + 39*p - 48. What is o(-40)?
-8
Let x(r) = 1020*r - 10186. Determine x(10).
14
Let r(j) = -49*j**2 - 777*j + 102. Give r(-16).
-10
Let k(b) = b**3 + 14*b**2 - 23*b - 20. Give k(-13).
448
Let x(h) = 2*h**3 + 12*h**2 + 9*h + 72. What is x(-8)?
-256
Let r(b) = -b**2 - 15*b + 27. Give r(-14).
41
Let b(g) = -g**3 - 34*g**2 - 45*g - 376. Give b(-33).
20
Let d(c) = 152*c - 4423. Calculate d(29).
-15
Let x(h) = -h**3 - 13*h**2 + 32*h + 79. Calculate x(-15).
49
Let f(m) = -m**3 + 8*m**2 + 71*m - 88. What is f(13)?
-10
Let m(q) = -395*q + 8628. Determine m(22).
-62
Let a(m) = -666*m**2 + 1330*m + 21. Determine a(2).
17
Let i(z) = -z**2 + 33*z - 142. Give i(35).
-212
Let c(n) = -255*n**2 - 298*n + 298. Calculate c(1).
-255
Let n(s) = -89*s - 951. Determine n(-11).
28
Let d(k) = k**3 + 4*k**2 - 3*k + 5. Give d(-4).
17
Let y(c) = 2*c**3 + 98*c**2 - 425*c - 12. What is y(4)?
-16
Let c(l) = -2*l**2 - 70*l - 416. Determine c(-25).
84
Let n(a) = a**2 - 936*a - 27984. Determine n(-29).
1
Let g(l) = 8*l**3 - l**2 + 16*l + 29. What is g(-3)?
-244
Let h(f) = -28*f**2 + 17*f + 11. Give h(-3).
-292
Let x(m) = 2*m**3 - 69*m**2 - 36*m + 42. Give x(35).
7
Let h(w) = 15*w - 45. Determine h(4).
15
Let w(a) = -87*a + 7047. What is w(81)?
0
Let d(z) = -101*z - 1418. Determine d(-14).
-4
Let r(i) = -3*i**3 + 118*i**2 + 337*i - 53. What is r(42)?
-11
Let t(y) = -419*y + 11302. Give t(27).
-11
Let x(t) = -14*t**2 + 5*t - 20. Determine x(2).
-66
Let g(d) = -40*d + 249. Calculate g(6).
9
Let g(r) = -r**3 - r**2 - 12*r + 18. Determine g(2).
-18
Let c(s) = -s**2 + 226*s + 2109. Determine c(-9).
-6
Let i(g) = g**2 + 24*g - 3. Calculate i(-22).
-47
Let d(g) = -18*g**2 + 36*g - 328. What is d(8)?
-1192
Let p(s) = 3*s**2 - 302*s - 6553. Give p(119).
-8
Let o(i) = -5*i**2 + 7*i - 35. Calculate o(8).
-299
Let w(o) = 9*o**3 - 2*o**2 - 2*o + 1. What is w(1)?
6
Let a(n) = -n**3 - 296*n**2 - 4475*n + 74. What is a(-16)?
-6
Let h(w) = -588*w - 2357. Determine h(-4).
-5
Let o(g) = g**3 + 46*g**2 - 223*g - 122. Determine o(-50).
1028
Let d(b) = -10*b**2 - 5*b - 8. Determine d(-1).
-13
Let n(h) = h**2 - 213*h + 11319. Give n(102).
-3
Let a(i) = -35*i**2 + 66*i. Determine a(2).
-8
Let b(l) = -133*l - 516. Calculate b(-4).
16
Let w(o) = -o**3 + 27*o**2 - 97*o + 127. Give w(23).
12
Let c(n) = -4*n**3 + 12*n**2 - 7*n + 7. Calculate c(3).
-14
Let y(l) = 2*l**2 - 35*l - 174. What is y(-6)?
108
Let g(u) = 147*u**2 - 18*u + 17. Give g(1).
146
Let k(i) = -31*i**2 + 371*i - 41. Determine k(12).
-53
Let p(j) = -224*j**3 - 4*j**2 + j + 2. Give p(1).
-225
Let j(g) = -2*g**3 + 84*g**2 + 1292*g + 215. Calculate j(54).
-1
Let d(a) = -a**3 - 126*a - 40. Calculate d(0).
-40
Let f(h) = -83*h - 868. Determine f(-8).
-204
Let q(n) = -n**3 - n**2 - 237*n - 476. What is q(-2)?
2
Let w(v) = 286*v + 1145. Determine w(-4).
1
Let i(f) = f**2 + 2*f + 200. What is i(-15)?
395
Let v(a) = -42*a**2 - 21*a - 9. What is v(-2)?
-135
Let z(l) = 92*l**2 + 6439*l - 58. Determine z(-70).
12
Let m(y) = -183*y**2 - 3*y + 2. Determine m(1).
-184
Let f(s) = -2*s**2 + 50*s + 471. Calculate f(-9).
-141
Let i(d) = 38*d**2 + 34*d - 11. What is i(-3)?
229
Let h(n) = 28*n + 46. What is h(-3)?
-38
Let b(i) = 293*i - 1204. Calculate b(4).
-32
Let i(t) = 7*t**2 + 5*t - 14. What is i(3)?
64
Let q(g) = -71*g**2 - 2278*g - 202. Give q(-32).
-10
Let m(j) = 7860*j - 39304. Calculate m(5).
-4
Let r(s) = -s**3 - 30*s**2 - 56*s - 1675. Determine r(-30).
5
Let d(t) = t**2 + 70*t - 4488. Determine d(-110).
-88
Let t(v) = v**3 + 40*v**2 - 5*v - 60. Give t(-40).
140
Let s(x) = -2*x - 7. Calculate s(-22).
37
Let j(m) = 37*m - 26. Give j(1).
11
Let o(p) = -p**3 + 110*p**2 + 131*p - 2180. Calculate o(111).
40
Let i(g) = 15*g**3 - 3408*g - 3408. Give i(-1).
-15
Let b(n) = 60*n + 671. Determine b(-11).
11
Let p(l) = -5*l**2 - 31*l - 42. Give p(-4).
2
Let r(x) = 14*x**2 - 162*x + 299. What is r(2)?
31
Let r(m) = m**3 + 19*m**2 + 12*m - 90. Give r(-18).
18
Let p(q) = -24*q + 667. Determine p(27).
19
Let z(a) = 3047*a - 15216. What is z(5)?
19
Let p(q) = -108*q**3 + 3*q**2 - 4*q + 1. Calculate p(1).
-108
Let m(w) = 2*w**2 + 1017*w + 16709. Calculate m(-17).
-2
Let b(j) = 3*j**3 + 78*j**2 + 77*j + 52. Determine b(-25).
2
Let n(x) = 52*x + 545. Determine n(-10).
25
Let i(h) = h**3 - 2*h**2 - 840*h - 14. What is i(30)?
-14
Let y(i) = 1985*i + 17868. Give y(-9).
3
Let m(c) = 2*c**3 - 4*c**2 + 7. Determine m(4).
71
Let m(q) = -15*q**3 + 4*q**2 + 10*q - 12. Determine m(1).
-13
Let h(c) = -c**2 + 17*c + 306. What is h(28)?
-2
Let h(z) = 9*z + 311. Calculate h(-50).
-139
Let o(u) = u**3 - 18*u**2 - 86*u - 20. Determine o(22).
24
Let m(y) = 27*y - 227. Give m(9).
16
Let s(g) = g**3 + 155*g**2 - 799*g + 5. Determine s(5).
10
Let p(f) = -4*f**2 - 362*f - 168. Calculate p(-90).
12
Let j(t) = -21*t + 585. Calculate j(33).
-108
Let f(i) = i**2 + 38*i - 264. Give f(6).
0
Let w(r) = r**3 + 18*r**2 + 5*r